{"id":2246,"date":"2025-12-08T16:15:09","date_gmt":"2025-12-08T15:15:09","guid":{"rendered":"https:\/\/www.grimmhof.it\/?page_id=2246"},"modified":"2026-04-19T22:22:34","modified_gmt":"2026-04-19T20:22:34","slug":"orari-di-apertura","status":"publish","type":"page","link":"https:\/\/www.grimmhof.it\/it\/orari-di-apertura\/","title":{"rendered":"Orari di apertura"},"content":{"rendered":"\n<div class=\"wp-block-cover alignfull is-light has-custom-content-position is-position-bottom-center ohneAbstandOben\" style=\"min-height:100vh;aspect-ratio:unset;\"><img loading=\"lazy\" decoding=\"async\" width=\"933\" height=\"1400\" class=\"wp-block-cover__image-background wp-image-2657 size-large\" alt=\"\" src=\"https:\/\/www.grimmhof.it\/wp-content\/uploads\/2026\/04\/edlweiss-4-933x1400.jpg\" style=\"object-position:52% 45%\" data-object-fit=\"cover\" data-object-position=\"52% 45%\" srcset=\"https:\/\/www.grimmhof.it\/wp-content\/uploads\/2026\/04\/edlweiss-4-933x1400.jpg 933w, https:\/\/www.grimmhof.it\/wp-content\/uploads\/2026\/04\/edlweiss-4.jpg 1365w, https:\/\/www.grimmhof.it\/wp-content\/uploads\/2026\/04\/edlweiss-4-467x700.jpg 467w, https:\/\/www.grimmhof.it\/wp-content\/uploads\/2026\/04\/edlweiss-4-768x1152.jpg 768w, https:\/\/www.grimmhof.it\/wp-content\/uploads\/2026\/04\/edlweiss-4-50x75.jpg 50w, https:\/\/www.grimmhof.it\/wp-content\/uploads\/2026\/04\/edlweiss-4-1024x1536.jpg 1024w\" sizes=\"auto, (max-width: 933px) 100vw, 933px\" \/><span aria-hidden=\"true\" class=\"wp-block-cover__background has-background-dim-0 has-background-dim\"><\/span><div class=\"wp-block-cover__inner-container is-layout-flow wp-block-cover-is-layout-flow\">\n<div class=\"wp-block-group is-horizontal is-content-justification-center is-layout-flex wp-container-core-group-is-layout-6bd4d9d1 wp-block-group-is-layout-flex\" style=\"min-height:50vh\">\n<h1 class=\"wp-block-heading has-text-align-center has-base-color has-text-color has-link-color wp-elements-51de858423b970ef32ea26508a0880be\"><br><strong>\u200b\u200b<\/strong><\/h1>\n\n\n\n<h1 class=\"wp-block-heading has-text-align-center\">&#8220;No reservations.<br>Just good vibes.&#8221;<\/h1>\n<\/div>\n\n\n\n<div class=\"wp-block-group is-nowrap is-layout-flex wp-container-core-group-is-layout-6c531013 wp-block-group-is-layout-flex\"><\/div>\n\n\n\n<div class=\"wp-block-group is-nowrap is-layout-flex wp-container-core-group-is-layout-6c531013 wp-block-group-is-layout-flex\"><\/div>\n\n\n\n<div class=\"wp-block-group is-nowrap is-layout-flex wp-container-core-group-is-layout-6c531013 wp-block-group-is-layout-flex\"><\/div>\n\n\n\n<div class=\"wp-block-group is-nowrap is-layout-flex wp-container-core-group-is-layout-6c531013 wp-block-group-is-layout-flex\"><\/div>\n\n\n\n<div class=\"wp-block-group is-nowrap is-layout-flex wp-container-core-group-is-layout-6c531013 wp-block-group-is-layout-flex\"><\/div>\n\n\n\n<div class=\"wp-block-group is-nowrap is-layout-flex wp-container-core-group-is-layout-6c531013 wp-block-group-is-layout-flex\"><\/div>\n\n\n\n<div class=\"wp-block-group is-nowrap is-layout-flex wp-container-core-group-is-layout-6c531013 wp-block-group-is-layout-flex\"><\/div>\n\n\n\n<div class=\"wp-block-group is-nowrap is-layout-flex wp-container-core-group-is-layout-6c531013 wp-block-group-is-layout-flex\"><\/div>\n\n\n\n<div class=\"wp-block-group is-nowrap is-layout-flex wp-container-core-group-is-layout-6c531013 wp-block-group-is-layout-flex\"><\/div>\n\n\n\n<div class=\"wp-block-group is-nowrap is-layout-flex wp-container-core-group-is-layout-6c531013 wp-block-group-is-layout-flex\"><\/div>\n\n\n\n<div class=\"wp-block-group more has-global-padding is-layout-constrained wp-block-group-is-layout-constrained\">\n<figure class=\"wp-block-image aligncenter size-full\"><a href=\"#start\"><img decoding=\"async\" src=\"https:\/\/www.grimmhof.it\/wp-content\/uploads\/2024\/12\/icon-more.svg\" alt=\"\" class=\"wp-image-40\"\/><\/a><\/figure>\n<\/div>\n<\/div><\/div>\n\n\n\n<h1 class=\"wp-block-heading has-text-align-center\" id=\"start\" style=\"margin-top:var(--wp--preset--spacing--50);margin-bottom:0\"><strong>Al momento la Edlweissh\u00fctte \u00e8 chiusa.<\/strong><\/h1>\n\n\n\n<h4 class=\"wp-block-heading has-text-align-center\"><strong>Periodo estivo: aperti dal 23 maggio al 02 novembre 2026 dalle ore 9.00 alle ore 17.00 (giorno di riposo: sabato)<\/strong><\/h4>\n\n\n\n<blockquote class=\"wp-block-quote is-style-default is-layout-flow wp-block-quote-is-layout-flow\">\n<p class=\"has-text-align-center\"><strong>I nostri orari di apertura attuali<\/strong><\/p>\n\n\n\n<p class=\"has-text-align-center\">Domenica chiuso<\/p>\n\n\n\n<p class=\"has-text-align-center\">Luned\u00ec chiuso<\/p>\n\n\n\n<p class=\"has-text-align-center\">Marted\u00ec chiuso<\/p>\n\n\n\n<p class=\"has-text-align-center\">Mercoled\u00ec chiuso<\/p>\n\n\n\n<p class=\"has-text-align-center\">Gioved\u00ec chiuso<\/p>\n\n\n\n<p class=\"has-text-align-center\">Venerd\u00ec chiuso<\/p>\n\n\n\n<p class=\"has-text-align-center\">Sabato chiuso<\/p>\n<\/blockquote>\n\n\n\n<script type=\"module\" src=\"https:\/\/static-wetter.provinz.bz.it\/web-data\/public-widget\/widgetLibWeatherEmbedding.js\"><\/script>\n<weather-app-map lang=\"it\" width=\"100%\" mountains=\"true\"><\/weather-app-map>\n\n\n\n<script type=\"module\" src=\"https:\/\/static-wetter.provinz.bz.it\/web-data\/public-widget\/widgetLibWeatherEmbedding.js\"><\/script>\n<weather-app-sun lang=\"it\" layout=\"horizontal\" id=\"62ab9230-5d9a-42bd-99aa-f6f7f1944649\"><\/weather-app-sun>\n\n\n\n<figure class=\"wp-block-image alignfull size-large\"><img loading=\"lazy\" decoding=\"async\" width=\"1050\" height=\"1400\" src=\"https:\/\/www.grimmhof.it\/wp-content\/uploads\/2026\/04\/edlweiss--6-1050x1400.jpg\" alt=\"\" class=\"wp-image-2669\" srcset=\"https:\/\/www.grimmhof.it\/wp-content\/uploads\/2026\/04\/edlweiss--6-1050x1400.jpg 1050w, https:\/\/www.grimmhof.it\/wp-content\/uploads\/2026\/04\/edlweiss--6.jpg 1500w, https:\/\/www.grimmhof.it\/wp-content\/uploads\/2026\/04\/edlweiss--6-525x700.jpg 525w, https:\/\/www.grimmhof.it\/wp-content\/uploads\/2026\/04\/edlweiss--6-768x1024.jpg 768w, https:\/\/www.grimmhof.it\/wp-content\/uploads\/2026\/04\/edlweiss--6-50x67.jpg 50w, https:\/\/www.grimmhof.it\/wp-content\/uploads\/2026\/04\/edlweiss--6-1152x1536.jpg 1152w\" sizes=\"auto, (max-width: 1050px) 100vw, 1050px\" \/><\/figure>\n\n\n\n<hr class=\"wp-block-separator has-alpha-channel-opacity is-style-dots\" style=\"margin-top:var(--wp--preset--spacing--50);margin-bottom:var(--wp--preset--spacing--50)\"\/>\n","protected":false},"excerpt":{"rendered":"<p>Al momento la Edlweissh\u00fctte \u00e8 chiusa. Periodo estivo: aperti dal 23 maggio al 02 novembre 2026 dalle ore 9.00 alle ore 17.00 (giorno di riposo: sabato) I nostri orari di apertura attuali Domenica chiuso Luned\u00ec chiuso Marted\u00ec chiuso Mercoled\u00ec chiuso Gioved\u00ec chiuso Venerd\u00ec chiuso Sabato chiuso<\/p>\n","protected":false},"author":2,"featured_media":0,"parent":0,"menu_order":0,"comment_status":"closed","ping_status":"closed","template":"","meta":{"footnotes":""},"class_list":["post-2246","page","type-page","status-publish","hentry"],"_links":{"self":[{"href":"https:\/\/www.grimmhof.it\/it\/wp-json\/wp\/v2\/pages\/2246","targetHints":{"allow":["GET"]}}],"collection":[{"href":"https:\/\/www.grimmhof.it\/it\/wp-json\/wp\/v2\/pages"}],"about":[{"href":"https:\/\/www.grimmhof.it\/it\/wp-json\/wp\/v2\/types\/page"}],"author":[{"embeddable":true,"href":"https:\/\/www.grimmhof.it\/it\/wp-json\/wp\/v2\/users\/2"}],"replies":[{"embeddable":true,"href":"https:\/\/www.grimmhof.it\/it\/wp-json\/wp\/v2\/comments?post=2246"}],"version-history":[{"count":25,"href":"https:\/\/www.grimmhof.it\/it\/wp-json\/wp\/v2\/pages\/2246\/revisions"}],"predecessor-version":[{"id":2786,"href":"https:\/\/www.grimmhof.it\/it\/wp-json\/wp\/v2\/pages\/2246\/revisions\/2786"}],"wp:attachment":[{"href":"https:\/\/www.grimmhof.it\/it\/wp-json\/wp\/v2\/media?parent=2246"}],"curies":[{"name":"wp","href":"https:\/\/api.w.org\/{rel}","templated":true}]}}

<div class="wp-block-cover alignfull is-light has-custom-content-position is-position-bottom-center ohneAbstandOben" style="min-height:100vh;aspect-ratio:unset;"><img loading="lazy" decoding="async" width="933" height="1400" class="wp-block-cover__image-background wp-image-2657 size-large" alt="" src="https://www.grimmhof.it/wp-content/uploads/2026/04/edlweiss-4-933x1400.jpg" style="object-position:52% 45%" data-object-fit="cover" data-object-position="52% 45%" srcset="https://www.grimmhof.it/wp-content/uploads/2026/04/edlweiss-4-933x1400.jpg 933w, https://www.grimmhof.it/wp-content/uploads/2026/04/edlweiss-4.jpg 1365w, https://www.grimmhof.it/wp-content/uploads/2026/04/edlweiss-4-467x700.jpg 467w, https://www.grimmhof.it/wp-content/uploads/2026/04/edlweiss-4-768x1152.jpg 768w, https://www.grimmhof.it/wp-content/uploads/2026/04/edlweiss-4-50x75.jpg 50w, https://www.grimmhof.it/wp-content/uploads/2026/04/edlweiss-4-1024x1536.jpg 1024w" sizes="auto, (max-width: 933px) 100vw, 933px" /><span aria-hidden="true" class="wp-block-cover__background has-background-dim-0 has-background-dim"></span><div class="wp-block-cover__inner-container is-layout-flow wp-block-cover-is-layout-flow">
<div class="wp-block-group is-horizontal is-content-justification-center is-layout-flex wp-container-core-group-is-layout-6bd4d9d1 wp-block-group-is-layout-flex" style="min-height:50vh">
<h1 class="wp-block-heading has-text-align-center has-base-color has-text-color has-link-color wp-elements-51de858423b970ef32ea26508a0880be"><br><strong>​​</strong></h1>



<h1 class="wp-block-heading has-text-align-center">&#8220;No reservations.<br>Just good vibes.&#8221;</h1>
</div>



<div class="wp-block-group is-nowrap is-layout-flex wp-container-core-group-is-layout-6c531013 wp-block-group-is-layout-flex"></div>



<div class="wp-block-group is-nowrap is-layout-flex wp-container-core-group-is-layout-6c531013 wp-block-group-is-layout-flex"></div>



<div class="wp-block-group is-nowrap is-layout-flex wp-container-core-group-is-layout-6c531013 wp-block-group-is-layout-flex"></div>



<div class="wp-block-group is-nowrap is-layout-flex wp-container-core-group-is-layout-6c531013 wp-block-group-is-layout-flex"></div>



<div class="wp-block-group is-nowrap is-layout-flex wp-container-core-group-is-layout-6c531013 wp-block-group-is-layout-flex"></div>



<div class="wp-block-group is-nowrap is-layout-flex wp-container-core-group-is-layout-6c531013 wp-block-group-is-layout-flex"></div>



<div class="wp-block-group is-nowrap is-layout-flex wp-container-core-group-is-layout-6c531013 wp-block-group-is-layout-flex"></div>



<div class="wp-block-group is-nowrap is-layout-flex wp-container-core-group-is-layout-6c531013 wp-block-group-is-layout-flex"></div>



<div class="wp-block-group is-nowrap is-layout-flex wp-container-core-group-is-layout-6c531013 wp-block-group-is-layout-flex"></div>



<div class="wp-block-group is-nowrap is-layout-flex wp-container-core-group-is-layout-6c531013 wp-block-group-is-layout-flex"></div>



<div class="wp-block-group more has-global-padding is-layout-constrained wp-block-group-is-layout-constrained">
<figure class="wp-block-image aligncenter size-full"><a href="#start"><img decoding="async" src="https://www.grimmhof.it/wp-content/uploads/2024/12/icon-more.svg" alt="" class="wp-image-40"/></a></figure>
</div>
</div></div>



<h1 class="wp-block-heading has-text-align-center" id="start" style="margin-top:var(--wp--preset--spacing--50);margin-bottom:0"><strong>Al momento la Edlweisshütte è chiusa.</strong></h1>



<h4 class="wp-block-heading has-text-align-center"><strong>Periodo estivo: aperti dal 23 maggio al 02 novembre 2026 dalle ore 9.00 alle ore 17.00 (giorno di riposo: sabato)</strong></h4>



<blockquote class="wp-block-quote is-style-default is-layout-flow wp-block-quote-is-layout-flow">
<p class="has-text-align-center"><strong>I nostri orari di apertura attuali</strong></p>



<p class="has-text-align-center">Domenica chiuso</p>



<p class="has-text-align-center">Lunedì chiuso</p>



<p class="has-text-align-center">Martedì chiuso</p>



<p class="has-text-align-center">Mercoledì chiuso</p>



<p class="has-text-align-center">Giovedì chiuso</p>



<p class="has-text-align-center">Venerdì chiuso</p>



<p class="has-text-align-center">Sabato chiuso</p>
</blockquote>



<script type="module" src="https://static-wetter.provinz.bz.it/web-data/public-widget/widgetLibWeatherEmbedding.js"></script>
<weather-app-map lang="it" width="100%" mountains="true"></weather-app-map>



<script type="module" src="https://static-wetter.provinz.bz.it/web-data/public-widget/widgetLibWeatherEmbedding.js"></script>
<weather-app-sun lang="it" layout="horizontal" id="62ab9230-5d9a-42bd-99aa-f6f7f1944649"></weather-app-sun>



<figure class="wp-block-image alignfull size-large"><img loading="lazy" decoding="async" width="1050" height="1400" src="https://www.grimmhof.it/wp-content/uploads/2026/04/edlweiss--6-1050x1400.jpg" alt="" class="wp-image-2669" srcset="https://www.grimmhof.it/wp-content/uploads/2026/04/edlweiss--6-1050x1400.jpg 1050w, https://www.grimmhof.it/wp-content/uploads/2026/04/edlweiss--6.jpg 1500w, https://www.grimmhof.it/wp-content/uploads/2026/04/edlweiss--6-525x700.jpg 525w, https://www.grimmhof.it/wp-content/uploads/2026/04/edlweiss--6-768x1024.jpg 768w, https://www.grimmhof.it/wp-content/uploads/2026/04/edlweiss--6-50x67.jpg 50w, https://www.grimmhof.it/wp-content/uploads/2026/04/edlweiss--6-1152x1536.jpg 1152w" sizes="auto, (max-width: 1050px) 100vw, 1050px" /></figure>



<hr class="wp-block-separator has-alpha-channel-opacity is-style-dots" style="margin-top:var(--wp--preset--spacing--50);margin-bottom:var(--wp--preset--spacing--50)"/>

<p>Al momento la Edlweisshütte è chiusa. Periodo estivo: aperti dal 23 maggio al 02 novembre 2026 dalle ore 9.00 alle ore 17.00 (giorno di riposo: sabato) I nostri orari di apertura attuali Domenica chiuso Lunedì chiuso Martedì chiuso Mercoledì chiuso Giovedì chiuso Venerdì chiuso Sabato chiuso</p>
